e greatest common factor of t and 60.
20
Suppose -5*k + 16 = -2*c, -4*c = c + k + 67. Suppose 0 = 3*t + 46 - 211. Let r = t + c. Calculate the greatest common factor of 21 and r.
21
Let w be -2 + 5 - (-5)/(15/837). What is the greatest common divisor of 47 and w?
47
Suppose -p - p = 4*a - 42, -4*a = -3*p - 27. Let v = -2 + 6. Suppose 2*j + j + 177 = v*o, 0 = 5*o - 5*j - 220. What is the greatest common divisor of o and a?
9
Let s be (1215/(-6))/(-5) - 5/10. Calculate the highest common factor of s and 30.
10
Let m = 110 - 66. Let t(y) = -9*y**3 - 2*y**2 - y. Let b be t(-2). Calculate the greatest common divisor of b and m.
22
Let y(n) = -2*n - 3. Let b be y(-3). Calculate the greatest common divisor of 21 and b.
3
Let q = -18 - -21. Let g(d) = 4*d**2 - 6*d + 6. Let t be g(q). Let s = 18 - -102. Calculate the greatest common factor of t and s.
24
Let k be 2/1*(0 - -1). Let u(a) = -a**k - 2 + 2*a**2 - 3 - a. Let c be u(-4). What is the greatest common divisor of 5 and c?
5
Suppose -3*k + 2*h = -89, -3*k - 2*k - 5*h = -165. Let a = -7 + k. Suppose 90 - a = 2*t. What is the highest common divisor of t and 11?
11
Suppose -3*s + 63 = 21. Let q be s - 4/((-4)/(-2)). Suppose -2*p = -g + 2 + 3, q = 4*p. What is the highest common divisor of g and 110?
11
Suppose -3*m + 7*n - 5 = 2*n, -3*m + 3*n - 3 = 0. Suppose -4*i - i + 210 = m. Calculate the highest common factor of i and 6.
6
Let x be (-3100)/(-70) - (-2)/(-7). Calculate the highest common factor of x and 4.
4
Suppose -37*c = -235 + 50. Let u be (-5)/(((-2)/(-5))/(-2)). What is the highest common factor of c and u?
5
Let q be 2 + -1 + 0 + 0. Let f be (q - 0)*(16 + 1). Let u = 219 + -151. Calculate the greatest common factor of f and u.
17
Let c be -1 - -2 - 2 - -5. What is the highest common factor of c and 8?
4
Suppose 0 = -5*w + 25, 0*h - w + 20 = h. Calculate the highest common divisor of 240 and h.
15
Suppose 3*u - 77 = 13. Suppose 3*a - 2*p + 6*p - 29 = 0, a - 31 = 4*p. What is the highest common divisor of u and a?
15
Suppose 2*s + 12 + 16 = 0. Let g be (-70)/s + 3 + 0. Calculate the greatest common divisor of 2 and g.
2
Let b be 60/14 + (-4)/14. Let v = 9 + b. Let g = -344 + 487. Calculate the greatest common divisor of g and v.
13
Let a = 42 + 18. Let s = -96 + 136. Calculate the greatest common divisor of a and s.
20
Let k be 596/30 - (12/45)/(-2). Calculate the highest common divisor of 30 and k.
10
Suppose 0 = -4*b + 5 + 3. Suppose 4*q = 2*g - 28, -2*q - 6 = -0*q. What is the greatest common factor of g and b?
2
Let k be -1*3*4/8*-14. Calculate the highest common factor of k and 21.
21
Let d(m) = 4*m + 1. Let x be d(1). Let f = 6 - -1. Let t = f - x. Calculate the greatest common divisor of t and 14.
2
Suppose 3*b + 2*b = 5*z - 95, 4*z = -2*b + 52. What is the greatest common factor of 30 and z?
15
Let u(r) = r**2 - 10*r + 3. Let o be u(10). What is the greatest common divisor of o and 1?
1
Let a = 18 + -13. Let w be (-78)/(-15) + (-1)/a. Calculate the greatest common factor of 35 and w.
5
Let j be (-8)/(-20) - 87/5. Let s = 7 - j. Suppose 2*d + d - 180 = 0. What is the greatest common factor of s and d?
12
Let i(o) = o - 8. Let g be i(7). Let j be 11/2 - g/(-2). What is the highest common divisor of j and 45?
5
Let d(x) = -x**2 + 4*x + 33. Let f be d(8). Calculate the greatest common factor of 2 and f.
1
Let s(o) = 3*o**3 + 2*o**2 - 2*o + 1. Let h be s(1). Suppose h*p + 18 = y, -16 = -4*y + 3*p + 95. Calculate the greatest common divisor of 75 and y.
15
Suppose -3 = -z - u, 5*z = -u - 3*u + 14. Let n be -30*1/(-2)*1. Let f = n + -10. Calculate the highest common divisor of f and z.
1
Suppose g - 77 = -4*n, 5*n - 103 = -5*g + 237. What is the greatest common divisor of 13 and g?
13
Suppose 5*l + 0*l - 105 = 0. Suppose 0 = o - 3*u + 37, -4*o + 5*o - 2*u + 32 = 0. Let d = o - -36. Calculate the highest common factor of d and l.
7
Suppose p + p + 6 = 0. Let a = 3 - p. Suppose 88 = 5*i - 152. Calculate the greatest common factor of i and a.
6
Suppose 54 - 34 = 4*c. What is the greatest common factor of 40 and c?
5
Suppose 0 = 3*o - 2*d - 18, 4*o - d - 28 = 3*d. Calculate the highest common factor of 36 and o.
4
Suppose -5*s = -4*r - 188, 2 = -r - 0. What is the highest common divisor of s and 8?
4
Let k(p) = 0 + 5*p - 6*p - 4. Let d be k(-8). What is the highest common divisor of 28 and d?
4
Let i(f) = 2*f**2 - 1. Let c be i(2). Let v(j) = -j - 3. Let s be v(c). Let q be (3*s)/((-3)/2). What is the highest common factor of q and 30?
10
Let k(z) = -z**3 + z**2 + 4*z + 2. Let d be k(4). Let u = 43 + d. Let g(x) = 3*x**2 + x - 4. Let c be g(3). What is the highest common factor of u and c?
13
Suppose -3*b - 6*s = -8*s - 280, 0 = b + 3*s - 108. What is the greatest common divisor of b and 12?
12
Let q be -2 - ((-3)/(-1) - 8). Let l be 2/(-7) - (-164)/(-14). Let f be 41/q - 4/l. Calculate the highest common factor of 126 and f.
14
Let t = 67 + -45. Calculate the highest common divisor of 11 and t.
11
Suppose -2*w - 12 = -4*w. Suppose w*v - 75 = v. Calculate the greatest common divisor of 105 and v.
15
Suppose 6*i = 7*i - 80. Calculate the greatest common divisor of 8 and i.
8
Let u(h) = h**3 + 20*h**2 + 17*h + 32. Let z be u(-18). What is the highest common divisor of 34 and z?
34
Suppose 2*l - 103 = 5. What is the highest common factor of 72 and l?
18
Let z be (120/32)/(1/4). Let f be (-10)/z + 182/3. Calculate the greatest common factor of 24 and f.
12
Suppose 2*m - 12 = 3*k + 1, 4*m - 5*k = 25. Suppose 4*q = q + 2*v + 105, 5*q + 3*v - 175 = 0. Calculate the greatest common factor of q and m.
5
Let x = 4 + 0. Suppose -x*i + 2*i + 24 = 0. Calculate the highest common factor of 30 and i.
6
Suppose -17*u + 1001 = -6*u. Calculate the greatest common factor of 7 and u.
7
Let j(h) be the second derivative of h**4/12 + 2*h**3/3 + 3*h**2/2 - 6*h. Let u = 14 - 10. Let l be j(u). Calculate the highest common factor of l and 7.
7
Suppose w = 3*w - 36. Calculate the greatest common factor of w and 72.
18
Let l = 0 + 2. Suppose -l*a + 150 = 3*a. Calculate the greatest common divisor of 10 and a.
10
Suppose -r - 5*m + 12 = 0, 4*m = 4 + 4. Suppose r*c - 17 = 3. Calculate the highest common divisor of c and 5.
5
Suppose -o - 15 = -5*i, 2*o = -o. Let v be -10*3/(-1)*i. What is the highest common divisor of 10 and v?
10
Let z(n) = 0*n + 4 + 0 + 0*n + n. Let l be z(2). Calculate the greatest common factor of l and 24.
6
Let k(w) = w + 3. Let h be k(-3). Suppose h = u - 79 - 20. Calculate the highest common divisor of 11 and u.
11
Let i(a) = -a**3 - 3*a**2 - 2*a - 2. Let p be i(-3). Let q(y) = 3*y**3 - 6*y**2 + 5*y - 6. Let f be q(p). What is the greatest common factor of 10 and f?
10
Let z = 0 + 2. Suppose z*l - 1 = -t, -6*l - 2*t + 4 = -l. Suppose -4*u - 44 = -2*h, 0 = -0*h - 3*h - 5*u + 66. What is the highest common divisor of l and h?
2
Let m be (5/5)/((-1)/(-2)). Suppose 4 = m*s - 0. What is the greatest common factor of s and 1?
1
Let b be (-45)/(-10) - 2/4. Calculate the highest common divisor of b and 44.
4
Suppose -q = -5*q + 416. Calculate the highest common factor of 13 and q.
13
Suppose m + 5*o = 10, 0 - 4 = 2*o. What is the highest common divisor of 50 and m?
10
Let g be 1/(-15)*-133 - 8/(-60). Calculate the greatest common factor of g and 27.
9
Suppose 10 = 3*x - x. Suppose x*p - 2*h - h + 23 = 0, 2*p + 2*h + 6 = 0. Let b be (-41)/p - 2/8. Calculate the greatest common divisor of b and 2.
2
Let l(o) = o**3 + 9*o**2 - 5*o + 2. Let s = 6 - 13. Let b be l(s). What is the highest common divisor of b and 15?
15
Let p(o) = o**3 - 4*o**2 - 2*o + 5. Let z be p(4). Let g(c) = 2*c + c**2 - 3*c + 2*c. Let y be g(z). What is the highest common factor of 3 and y?
3
Suppose -r + 55 - 7 = 0. What is the highest common factor of 32 and r?
16
Suppose -2*q = -4*t + 2*q - 12, -5*t = 2*q + 50. Let l(n) = n + 9. Let g be l(t). Let a = g - -4. Calculate the greatest common factor of a and 45.
5
Let j(z) = -z**2 + z - 1. Let y(d) = -16*d**2 + 5*d - 3. Let n(p) = 6*j(p) - y(p). Let h be n(3). What is the highest common factor of 10 and h?
10
Suppose 3*f - f + 2*b = 48, 0 = -b + 5. Let h be (-2)/(-3 + 5)*-52. Let j = -33 + h. What is the highest common factor of j and f?
19
Suppose -5*m + m + 40 = 0. Suppose -3*f = -2*